/(-153) + 2/9?
5, 43
Suppose 0 = -4*v + v + 564. Let t = 2 + v. List the prime factors of t.
2, 5, 19
Suppose 3*a - 9 - 6 = 0. Suppose -3*d + 12 = 0, 3*l - 5*d + a = -0. Suppose -3*n = l*h - 89, 0 = 4*n - h - 144 + 33. What are the prime factors of n?
2, 7
Let k be (-156)/(-21)*(-140)/(-40). Suppose 36 = 2*m - 62. Let w = m + k. List the prime factors of w.
3, 5
Let q be (8/(-12))/(6/(-8847)). Let a = q + -2659. What are the prime factors of a/(-6) - (-4)/6?
2, 5, 7
Suppose 0 = 542*n - 497*n - 255285. What are the prime factors of n?
3, 31, 61
Suppose -9*v = 11 - 2. Let k be 98 - (-4 + 3 + v). Let g = -43 + k. What are the prime factors of g?
3, 19
Let o(k) = -45*k + 13. Let m be o(-4). Let t = 397 - m. What are the prime factors of t?
2, 3, 17
Let i(d) = -d**3 - 7*d**2 + 8*d + 5. Let x be i(-8). Suppose -69 = 6*a - x*a. What are the prime factors of (a - (2 + -6))*-1?
5, 13
Suppose -29*w + 15*w = -42. Suppose 326 = -w*q + 5*q. List the prime factors of q.
163
Let w(g) = -g**3 + 4*g**2 - 10*g - 10. Let b be w(-5). Suppose -b = -3*j - 2*z + 67, 107 = j - 3*z. What are the prime factors of j?
2, 5, 11
Let u = -1822 + 2697. Let f = -543 + u. What are the prime factors of f?
2, 83
Suppose -204639 = 31*i - 36*i + 4*j, -2*i - 3*j + 81874 = 0. List the prime factors of i.
11, 61
Suppose 71088 = 3*g - d, -16*g + 23683 = -15*g + 4*d. What are the prime factors of g?
5, 7, 677
Suppose 1768*c - 889*c - 866*c = 328016. What are the prime factors of c?
2, 19, 83
Let y(j) = -5*j**2 + 7*j. Let s be y(6). Let g = -23 + 19. What are the prime factors of g + (0 - (s + -2))?
2, 17
Suppose -36*x = -38*x + 4, 0 = 4*o + x - 53458. List the prime factors of o.
2, 13, 257
Let m be (-1823400)/(-27) + 3 + 3/(-9). List the prime factors of m/60 + -2*(-9)/(-30).
3, 5
Suppose -4*g = 2*l - 25152 - 14398, 5*g = -l + 19754. What are the prime factors of l?
7, 11, 257
Let r = 29 + -27. Suppose r*p - 3*p + 56 = 0. Suppose -p - 259 = -3*q. List the prime factors of q.
3, 5, 7
Suppose 4*g + 9*v - 142 = 4*v, -4*g + 5*v + 162 = 0. Suppose -4*o = g*i - 37*i - 666, -2*i + 1332 = 3*o. What are the prime factors of i?
2, 3, 37
Let n(g) be the second derivative of 2*g**4/3 + g**3/6 - g**2 + 23*g. Let m be n(1). Suppose m*v = v + 504. List the prime factors of v.
2, 3, 7
Let b = 464 - -893. Let n = b - 957. List the prime factors of n.
2, 5
Let l(o) = o**3 + 67*o**2 + 22*o + 2055. List the prime factors of l(-46).
7, 73, 89
Let l(q) = 10*q + 11*q**2 + 5*q - 7*q**3 + 6*q**3 - 20*q. What are the prime factors of l(9)?
3, 13
Let b(k) = 12*k**3 + k**2 - k + 1. Let z be b(1). Let a(l) = l + z + 16 - 2. What are the prime factors of a(0)?
3
Let g(z) = 5*z**2 + 3*z + 2. Let i be ((-4)/4 - 2) + (4 - 2). Let b be g(i). Suppose 2*d = 1 - 3, 5*f - 224 = b*d. List the prime factors of f.
2, 11
Let l = 24 + -45. Let t = l - -21. Suppose -44 = -2*k + 5*n - 0, t = -n + 2. List the prime factors of k.
3
Let q(y) = y**3 + 14*y**2 - 33*y - 13. Let k = 396 - 412. What are the prime factors of q(k)?
3
Suppose -10*m - 3*m = 0. Let w(c) = -c**3 + c**2 + 3*c + 313. Let y be w(m). Let l = y - 135. What are the prime factors of l?
2, 89
Let t = -68 - -62. Let o(m) = 12*m**2 + 14*m + 31. What are the prime factors of o(t)?
379
Suppose -79722 - 173611 = -91*a + 30*a. What are the prime factors of a?
4153
Suppose h + g - 821 = 27322, 4*h = -5*g + 112576. List the prime factors of h.
19, 1481
Suppose 5*w - 144 = -124. Let o(d) = 22*d**2 + 8*d - 3. List the prime factors of o(w).
3, 127
Suppose -188*f + 5918 = -184*f + 3*g, -2*g = -f + 1496. What are the prime factors of f?
2, 7, 53
Let s(v) = 17*v + 10. Suppose 5*k = 10*k - 110. List the prime factors of s(k).
2, 3
Suppose 3*z = -5*c + 39, -12*c - 84 = -4*z - 8*c. Suppose -z*o = -16*o - 502. List the prime factors of o.
251
Let t(z) = -z - 14. Let w be t(-19). Suppose w*l + 8 = 4*m - 4, -4*m = -12. Suppose -5*i + 475 = y - l*y, 0 = -2*i + y + 190. What are the prime factors of i?
5, 19
Let r(m) = 28 - 48 + 2*m**2 - 6*m - m**3 + 0*m**3 - 5*m**2. What are the prime factors of r(-8)?
2, 3, 29
Let t = -113 + 115. Suppose t*d - 451 = 27. List the prime factors of d.
239
Suppose k + 0*m + 57 = 2*m, -3*m + 12 = 0. Let b be 4/20 + (-494)/(-5). Let x = b + k. List the prime factors of x.
2, 5
What are the prime factors of (17/34 + 400566/4)/(26 + -24)?
7, 23, 311
Suppose -118*m = 67*m + 9*m - 955644. What are the prime factors of m?
2, 3, 821
Suppose 3*b - 28877 = -l, -b - 43*l + 9633 = -39*l. What are the prime factors of b?
5, 7, 11
Suppose 12 = -2*u + 16, 0 = a - u + 2. Let h be 4/3*(-6)/(-4). Suppose 0*n - 3*n + 4*j + 305 = a, h*n - 2*j - 200 = 0. List the prime factors of n.
5, 19
Suppose 0 = 3*f - 2*u - 15663, 0 = -f + 13*u - 10*u + 5214. Let v = f + -3493. List the prime factors of v.
2, 5, 173
Let v be 5/((-15)/(-21)) + -7. Suppose -4655 = -5*l - 2*z, -5*z - 3757 = -v*l - 4*l. What are the prime factors of l?
3, 311
What are the prime factors of 2 + (-22)/4 - (-745315)/46?
97, 167
Let f(p) = 2*p - 262*p**3 + 131*p**3 + 130*p**3 - 4*p**2 - 11. Let m be f(-5). Suppose -5*i + 2*g + 559 = 0, 7*i - 553 = 2*i + m*g. List the prime factors of i.
113
Let s(b) = -16*b**3 + 86*b**2 - 64*b - 241. Let r(y) = -3*y**3 + 17*y**2 - 13*y - 48. Let l(a) = 11*r(a) - 2*s(a). What are the prime factors of l(13)?
97
Let q(j) = j**2 + 26*j + 106. Let f be q(-15). List the prime factors of 990/66*f/(-3).
5, 59
Let b be (-427)/14*-2*-46. Let k = 4356 + b. What are the prime factors of k?
2, 5, 31
Let r(m) = 174*m**2 - 8*m - 4. Let x(d) = -d**3 - 2*d**2 + 4*d + 1. Let u be x(-3). List the prime factors of r(u).
2, 3, 59
Let k = -220 + 222. List the prime factors of 6/((13 - 7)*k/56).
2, 7
Let t = 43412 - 24265. What are the prime factors of t?
41, 467
Let u(m) be the third derivative of 43*m**5/60 + m**4/24 + 4*m**3/3 + m**2 + 23*m. What are the prime factors of u(-4)?
2, 173
Suppose -6*b + 239 = -1. Suppose -b*p - 6908 = -26868. List the prime factors of p.
499
Let z be 596 + (-2 - 24/8). Let t = 1014 - z. What are the prime factors of t?
3, 47
What are the prime factors of 173102/5 - 48/160*-2?
89, 389
Let q be (-2 + 10/4)/((-9)/(-2124)). Suppose -3*b + b - g = 280, -b + 5*g = q. Let x = -6 - b. List the prime factors of x.
2, 3, 11
Suppose -n = -12*n - 33. Let j = n - -203. List the prime factors of j.
2, 5
Suppose 0 = 54*k - 60*k. Suppose -o + 5*g + 885 = k, -850 = -o - 9*g + 7*g. What are the prime factors of o?
2, 5, 43
Suppose 9414 = 2*n + 2*l, 5*n + 5*l - 23526 = 3*l. List the prime factors of n.
2, 3, 7
Let x = -32 - -37. Suppose -2*f + 5*z = -139, -280 = -x*f - 0*f - z. What are the prime factors of f?
3, 19
Suppose 5*p = -4*n + 79078, -19*p - 4*n + 15806 = -18*p. List the prime factors of p.
2, 11, 719
Suppose -11*h + 55230 - 13045 = 0. List the prime factors of h.
5, 13, 59
Suppose -38 = 2*v - 8. Let k be 4/20 + 3/v. Suppose 7*r + k*r = 686. List the prime factors of r.
2, 7
Suppose -u - 2*u + 98 = -5*c, 0 = 5*u - c - 156. Let z = u + -27. What are the prime factors of (-1 + 0)/(z/(-176))?
2, 11
Suppose 120 = 18*y - 8*y. What are the prime factors of (7 + (-12198)/y)/(3/(-2))?
673
Suppose 0 = -16*t + 12*t - 584. Let p = t + 515. List the prime factors of p.
3, 41
Let k(y) = -y**3 - 3*y**2 - 2*y + 3. Let l be k(-3). Suppose 683 = 10*i + 3. Let o = l + i. List the prime factors of o.
7, 11
Let a(l) = l**2 + 35*l - 9. Let b be a(7). Suppose -b = -4*k - 6*f + f, 0 = 3*k + 3*f - 210. What are the prime factors of k?
5, 13
Suppose -7276 - 28604 = 30*x. What are the prime factors of 6*1*x/(-12)?
2, 13, 23
Let r = 1009 + -466. Let i = r + -87. What are the prime factors of i?
2, 3, 19
Let g = -3270 + 4962. List the prime factors of g.
2, 3, 47
Let d be (-212)/(-1378) + 2413/(-26)*-6. Suppose 9*j - 685 - d = 0. What are the prime factors of j?
2, 3, 23
Let k be ((-70)/(-105))/(-1*(-1)/(-3)). List the prime factors of (-10 - -24)*130/((-4)/k).
2, 5, 7, 13
Let z(u) = -2*u**3 - 7*u**2 - 11*u - 25. Let a be z(-7). Let s = a - -117. List the prime factors of s.
2
Suppose -5*t + 3 = 2*w, 4*w + 1 = -t - 2. Suppose c = -t, 4*h = -5*c + 2*c + 225. List the prime factors of -16 + h + -2 + 1.
2, 5
Let h = -156 - -375. Let c = 1420 + -1420. Suppose c = 43*p - 46*p + h. What are the prime factors